{"id":2921,"date":"2022-06-01T09:25:23","date_gmt":"2022-06-01T09:25:23","guid":{"rendered":"https:\/\/tekvimo.com\/tekvimo\/?page_id=2921"},"modified":"2022-11-12T19:52:03","modified_gmt":"2022-11-12T19:52:03","slug":"star-cut","status":"publish","type":"page","link":"https:\/\/tekvimo.com\/tekvimo\/star-cut\/","title":{"rendered":"STAR CUT"},"content":{"rendered":"<p>[vc_row][vc_column]\t\t<div class=\"wd-heading text-center  text-left\" >\r\n\t\t\t\r\n\t\t\t\t\r\n\t\t\t\t<h2 style=\"margin:0;font-family:;font-weight:400;color:#111111;\" >\r\n\t\t\t\t\tSTAR CUT\t\t\t\t<\/h2>\r\n\r\n\t\t\t\t\r\n\t\t\t\t<h4 style=\"font-family:;font-weight:400;\" >\r\n\t\t\t\t\t\t\t\t\t<\/h4>\r\n\r\n\t\t\t\t\r\n\t\t\t\t\t<\/div>\r\n\r\n\t\t[vc_single_image image=\u00bb2900&#8243; img_size=\u00bb850&#215;500&#8243; alignment=\u00bbcenter\u00bb css=\u00bb.vc_custom_1654075402876{margin-bottom: 30px !important;}\u00bb][vc_single_image image=\u00bb4276&#8243; img_size=\u00bbfull\u00bb alignment=\u00bbcenter\u00bb css=\u00bb.vc_custom_1666523792016{margin-bottom: 30px !important;}\u00bb]\t\t<div class=\"wd-heading text-center  text-left\" >\r\n\t\t\t\r\n\t\t\t\t\r\n\t\t\t\t<h4 style=\"margin:0;font-family:;font-weight:400;color:#111111;\" >\r\n\t\t\t\t\tMESA DE CORTE AUTOM\u00c1TICA PARA VIDRIO FLOAT CON PLANO DE TRABAJO BASCULANTE Y BARRAS DE TRONZADO\t\t\t\t<\/h4>\r\n\r\n\t\t\t\t\r\n\t\t\t\t<h4 style=\"font-family:;font-weight:400;\" >\r\n\t\t\t\t\t\t\t\t\t<\/h4>\r\n\r\n\t\t\t\t\r\n\t\t\t\t\t<\/div>\r\n\r\n\t\t[vc_column_text css=\u00bb.vc_custom_1666177272251{margin-top: 20px !important;}\u00bb]<\/p>\n<div class=\"default-text-block\">\n<p style=\"text-align: center;\">Las\u00a0mesas de corte autom\u00e1tico\u00a0en la serie \u00abStar Cut\u00bb para cortar\u00a0vidrio float\u00a0en formas tienen un plano de trabajo fijo o basculante que tambi\u00e9n puede equiparse con correas para el traslado autom\u00e1tico de la hoja, con un gran rendimiento gracias a puente de corte de aluminio, los bastidores con dientes inclinados y las gu\u00edas prism\u00e1ticas con bolas recirculantes para el movimiento del carro.<\/p>\n<p>&nbsp;<\/p>\n<p style=\"text-align: center;\">La serie \u00abStar Cut\u00bb est\u00e1 dise\u00f1ada para cumplir con cualquier requisito de producci\u00f3n y puede equiparse con una muela rectificadora plana para bordear el\u00a0vidrio de baja emisividad\u00a0(LOW-E); se monta en la parte posterior de puente de corte y ofrece un equilibrio excelente de masas que permite un rendimiento excepcional para retirar el recubrimiento de baja emisividad (Low-E).<\/p>\n<p>&nbsp;<\/p>\n<p style=\"text-align: center;\">Una\u00a0mesa de corte\u00a0moderna y de alta tecnolog\u00eda que puede equiparse con el sistema de eliminaci\u00f3n de pel\u00edcula de protecci\u00f3n TPF y Easy-Pro, una impresora y rotuladora autom\u00e1tica y con el cambiador de herramienta rotativo \u00abClick&amp;Cut\u00bb para seleccionar r\u00e1pidamente la herramienta de corte correcta. La carcasa transparente protege el cabezal de corte que, con su dise\u00f1o moderno y funcional, enfatiza a\u00fan m\u00e1s el cuidado extremo con en el que se han fabricado todos los componentes mec\u00e1nicos.<\/p>\n<\/div>\n<p>[\/vc_column_text][vc_video link=\u00bbhttps:\/\/youtu.be\/JDJRw9rDU30?list=TLGGSvQDX1RetWsxOTA3MjAyMg\u00bb][\/vc_column][\/vc_row][vc_row][vc_column][vc_message]<b>*Disponemos de todos los recambios originales y servicio t\u00e9cnico.<\/b>[\/vc_message][\/vc_column][\/vc_row][vc_row][vc_column width=\u00bb2\/3&#8243;][vc_message icon_fontawesome=\u00bbfas fa-at\u00bb]<strong>Solicita informaci\u00f3n de este producto<\/strong>[\/vc_message]\n<div class=\"wpcf7 no-js\" id=\"wpcf7-f2530-o1\" lang=\"es-ES\" dir=\"ltr\" data-wpcf7-id=\"2530\">\n<div class=\"screen-reader-response\"><p role=\"status\" aria-live=\"polite\" aria-atomic=\"true\"><\/p> <ul><\/ul><\/div>\n<form action=\"\/tekvimo\/wp-json\/wp\/v2\/pages\/2921#wpcf7-f2530-o1\" method=\"post\" class=\"wpcf7-form init\" aria-label=\"Formulario de contacto\" novalidate=\"novalidate\" data-status=\"init\">\n<fieldset class=\"hidden-fields-container\"><input type=\"hidden\" name=\"_wpcf7\" value=\"2530\" \/><input type=\"hidden\" name=\"_wpcf7_version\" value=\"6.1.5\" \/><input type=\"hidden\" name=\"_wpcf7_locale\" value=\"es_ES\" \/><input type=\"hidden\" name=\"_wpcf7_unit_tag\" value=\"wpcf7-f2530-o1\" \/><input type=\"hidden\" name=\"_wpcf7_container_post\" value=\"0\" \/><input type=\"hidden\" name=\"_wpcf7_posted_data_hash\" value=\"\" \/>\n<\/fieldset>\n<p><label> Tu nombre<br \/>\n<span class=\"wpcf7-form-control-wrap\" data-name=\"your-name\"><input size=\"40\" maxlength=\"400\" class=\"wpcf7-form-control wpcf7-text wpcf7-validates-as-required\" aria-required=\"true\" aria-invalid=\"false\" value=\"\" type=\"text\" name=\"your-name\" \/><\/span> <\/label>\n<\/p>\n<p><label> Tu correo electr\u00f3nico<br \/>\n<span class=\"wpcf7-form-control-wrap\" data-name=\"your-email\"><input size=\"40\" maxlength=\"400\" class=\"wpcf7-form-control wpcf7-email wpcf7-validates-as-required wpcf7-text wpcf7-validates-as-email\" aria-required=\"true\" aria-invalid=\"false\" value=\"\" type=\"email\" name=\"your-email\" \/><\/span> <\/label>\n<\/p>\n<p><label> Asunto<br \/>\n<span class=\"wpcf7-form-control-wrap\" data-name=\"your-subject\"><input size=\"40\" maxlength=\"400\" class=\"wpcf7-form-control wpcf7-text wpcf7-validates-as-required\" aria-required=\"true\" aria-invalid=\"false\" value=\"\" type=\"text\" name=\"your-subject\" \/><\/span> <\/label>\n<\/p>\n<p><label> Tu mensaje (opcional)<br \/>\n<span class=\"wpcf7-form-control-wrap\" data-name=\"your-message\"><textarea cols=\"40\" rows=\"10\" maxlength=\"2000\" class=\"wpcf7-form-control wpcf7-textarea\" aria-invalid=\"false\" name=\"your-message\"><\/textarea><\/span> <\/label>\n<\/p>\n<p><input class=\"wpcf7-form-control wpcf7-submit has-spinner\" type=\"submit\" value=\"Enviar\" \/>\n<\/p><div class=\"wpcf7-response-output\" aria-hidden=\"true\"><\/div>\n<\/form>\n<\/div>\n[\/vc_column][vc_column width=\u00bb1\/3&#8243;][vc_message icon_fontawesome=\u00bbfas fa-file-pdf\u00bb css=\u00bb.vc_custom_1668282720612{margin-left: 20px !important;}\u00bb]<strong>Desc\u00e1rgate el cat\u00e1logo<\/strong>[\/vc_message][vc_single_image image=\u00bb2546&#8243; alignment=\u00bbcenter\u00bb onclick=\u00bbcustom_link\u00bb link=\u00bbhttps:\/\/tekvimo.com\/tekvimo\/wp-content\/uploads\/2015\/05\/Macotec-Star-Cut.pdf\u00bb css=\u00bb.vc_custom_1654075487724{margin-left: 20px !important;}\u00bb][\/vc_column][\/vc_row]<\/p>\n","protected":false},"excerpt":{"rendered":"<p>[vc_row][vc_column][vc_single_image image=\u00bb2900&#8243; img_size=\u00bb850&#215;500&#8243; alignment=\u00bbcenter\u00bb css=\u00bb.vc_custom_1654075402876{margin-bottom: 30px !important;}\u00bb][vc_single_image image=\u00bb4276&#8243; img_size=\u00bbfull\u00bb alignment=\u00bbcenter\u00bb css=\u00bb.vc_custom_1666523792016{margin-bottom: 30px !important;}\u00bb][vc_column_text css=\u00bb.vc_custom_1666177272251{margin-top: 20px !important;}\u00bb] Las\u00a0mesas de corte autom\u00e1tico\u00a0en la serie \u00abStar Cut\u00bb para cortar\u00a0vidrio float\u00a0en formas tienen un plano de trabajo fijo o basculante que tambi\u00e9n puede equiparse con correas para el traslado autom\u00e1tico de la hoja, con un gran rendimiento gracias aLeer m\u00e1s&#8230;<\/p>\n","protected":false},"author":1,"featured_media":0,"parent":0,"menu_order":0,"comment_status":"closed","ping_status":"closed","template":"page-template\/left-sidebar.php","meta":{"footnotes":""},"class_list":["post-2921","page","type-page","status-publish","hentry"],"_links":{"self":[{"href":"https:\/\/tekvimo.com\/tekvimo\/wp-json\/wp\/v2\/pages\/2921","targetHints":{"allow":["GET"]}}],"collection":[{"href":"https:\/\/tekvimo.com\/tekvimo\/wp-json\/wp\/v2\/pages"}],"about":[{"href":"https:\/\/tekvimo.com\/tekvimo\/wp-json\/wp\/v2\/types\/page"}],"author":[{"embeddable":true,"href":"https:\/\/tekvimo.com\/tekvimo\/wp-json\/wp\/v2\/users\/1"}],"replies":[{"embeddable":true,"href":"https:\/\/tekvimo.com\/tekvimo\/wp-json\/wp\/v2\/comments?post=2921"}],"version-history":[{"count":8,"href":"https:\/\/tekvimo.com\/tekvimo\/wp-json\/wp\/v2\/pages\/2921\/revisions"}],"predecessor-version":[{"id":4618,"href":"https:\/\/tekvimo.com\/tekvimo\/wp-json\/wp\/v2\/pages\/2921\/revisions\/4618"}],"wp:attachment":[{"href":"https:\/\/tekvimo.com\/tekvimo\/wp-json\/wp\/v2\/media?parent=2921"}],"curies":[{"name":"wp","href":"https:\/\/api.w.org\/{rel}","templated":true}]}}